72
What is the remainder when 661962 is divided by 3578?
32
What is the remainder when 4502050 is divided by 1319?
303
Calculate the remainder when 479446 is divided by 68490.
16
Calculate the remainder when 29510240 is divided by 3834.
3776
Calculate the remainder when 94948 is divided by 372.
88
What is the remainder when 14680 is divided by 14373?
307
Calculate the remainder when 681003 is divided by 1885.
518
Calculate the remainder when 176227 is divided by 2266.
1745
What is the remainder when 3225696 is divided by 719?
262
Calculate the remainder when 13371369 is divided by 13371356.
13
What is the remainder when 10095214 is divided by 841267?
10
Calculate the remainder when 672819 is divided by 7735.
7609
What is the remainder when 18470 is divided by 1140?
230
What is the remainder when 132771985 is divided by 122?
117
Calculate the remainder when 67669810 is divided by 1786.
56
What is the remainder when 5065550 is divided by 722?
720
Calculate the remainder when 640854 is divided by 384.
342
What is the remainder when 181049871 is divided by 607?
588
Calculate the remainder when 10743623 is divided by 699.
692
What is the remainder when 8185021 is divided by 199626?
355
Calculate the remainder when 1056257 is divided by 359.
79
What is the remainder when 330170 is divided by 1339?
776
Calculate the remainder when 4180191 is divided by 52913.
64
What is the remainder when 83738 is divided by 41838?
62
What is the remainder when 21858889 is divided by 351?
13
What is the remainder when 9811 is divided by 9360?
451
What is the remainder when 242563376 is divided by 49?
48
What is the remainder when 60976219 is divided by 284?
283
What is the remainder when 6914368 is divided by 498?
136
What is the remainder when 104449254 is divided by 92?
90
Calculate the remainder when 18009906 is divided by 14.
12
What is the remainder when 89884 is divided by 3209?
32
Calculate the remainder when 214824593 is divided by 42964918.
3
Calculate the remainder when 3074211 is divided by 124.
3
What is the remainder when 9981587 is divided by 120260?
7
What is the remainder when 14147734 is divided by 236?
6
What is the remainder when 143125 is divided by 2636?
781
Calculate the remainder when 17295951 is divided by 12146.
47
What is the remainder when 2500115 is divided by 277790?
5
Calculate the remainder when 16868873 is divided by 20373.
29
Calculate the remainder when 26463938 is divided by 26463929.
9
What is the remainder when 2517593 is divided by 108?
5
Calculate the remainder when 1319470 is divided by 51.
49
Calculate the remainder when 11415564 is divided by 143.
17
Calculate the remainder when 1492832 is divided by 3078.
2
Calculate the remainder when 7111523 is divided by 269.
239
What is the remainder when 1267327 is divided by 97481?
74
Calculate the remainder when 30542787 is divided by 7635689.
31
Calculate the remainder when 111851 is divided by 5591.
31
Calculate the remainder when 2242449 is divided by 29.
24
What is the remainder when 181441096 is divided by 2629581?
7
Calculate the remainder when 247250 is divided by 81824.
1778
Calculate the remainder when 97084735 is divided by 944.
943
Calculate the remainder when 1499508 is divided by 7735.
6653
Calculate the remainder when 72870 is divided by 3766.
1316
Calculate the remainder when 11275883 is divided by 2336.
11
Calculate the remainder when 9528149 is divided by 14.
1
What is the remainder when 2298705 is divided by 480?
465
What is the remainder when 57464241 is divided by 36?
33
What is the remainder when 1007994 is divided by 91633?
31
Calculate the remainder when 1654948 is divided by 551644.
16
Calculate the remainder when 2272417 is divided by 3075.
3067
Calculate the remainder when 45592488 is divided by 1804.
1800
Calculate the remainder when 57054975 is divided by 203.
201
Calculate the remainder when 9275 is divided by 231.
35
What is the remainder when 2075320 is divided by 144?
136
What is the remainder when 633833 is divided by 5710?
23
Calculate the remainder when 16119674 is divided by 598.
584
What is the remainder when 158603 is divided by 614?
191
What is the remainder when 976555 is divided by 7238?
6663
Calculate the remainder when 3963539 is divided by 425.
414
What is the remainder when 1102157 is divided by 109?
58
What is the remainder when 81269 is divided by 7373?
166
What is the remainder when 1467583 is divided by 130?
13
What is the remainder when 18734848 is divided by 69?
37
What is the remainder when 79068 is divided by 162?
12
What is the remainder when 71960 is divided by 35638?
684
What is the remainder when 43740800 is divided by 68345?
0
What is the remainder when 17324686 is divided by 29?
28
Calculate the remainder when 49835 is divided by 2271.
2144
What is the remainder when 74418600 is divided by 1549?
1542
What is the remainder when 622969 is divided by 2156?
2041
What is the remainder when 214087 is divided by 71352?
31
Calculate the remainder when 355374 is divided by 4.
2
What is the remainder when 3321 is divided by 725?
421
Calculate the remainder when 1689245 is divided by 281525.
95
Calculate the remainder when 1204369 is divided by 1432.
57
Calculate the remainder when 491269 is divided by 122781.
145
Calculate the remainder when 14448 is divided by 85.
83
What is the remainder when 462790 is divided by 1311?
7
Calculate the remainder when 1628171 is divided by 393.
365
What is the remainder when 331061 is divided by 20654?
597
Calculate the remainder when 44466019 is divided by 2178.
2149
What is the remainder when 2484512 is divided by 227?
224
What is the remainder when 433891 is divided by 708?
595
Calculate the remainder when 127569 is divided by 447.
174
What is the remainder when 43526 is divided by 21?
14
Calculate the remainder when 60120569 is divided by 1202411.
19
Calculate the remainder when 133012 is divided by 6154.
3778
What is the remainder when 40908 is divided by 9223?
4016
What is the remainder when 2203409 is divided by 382?
33
What is the remainder when 152907 is divided by 37953?
1095
Calculate the remainder when 1157529 is divided by 123.
99
What is the remainder when 5109598 is divided by 86602?
80
Calculate the remainder when 31961392 is divided by 10653762.
106
Calculate the remainder when 1013689 is divided by 26.
1
Calculate the remainder when 16899 is divided by 1682.
79
What is the remainder when 12316019 is divided by 3044?
3039
Calculate the remainder when 346635 is divided by 172602.
1431
What is the remainder when 2451453 is divided by 2451370?
83
Calculate the remainder when 2434757 is divided by 243468.
77
Calculate the remainder when 1612694 is divided by 57585.
314
What is the remainder when 369687 is divided by 5127?
543
Calculate the remainder when 766376 is divided by 383134.
108
Calculate the remainder when 408146 is divided by 1898.
76
What is the remainder when 321694 is divided by 1308?
1234
Calculate the remainder when 42535489 is divided by 3959.
3952
Calculate the remainder when 2441572 is divided by 214.
46
What is the remainder when 160516 is divided by 80255?
6
Calculate the remainder when 11278650 is divided by 3759522.
84
What is the remainder when 19158654 is divided by 1405?
74
What is the remainder when 9755323 is divided by 885?
853
Calculate the remainder when 5455312 is divided by 909211.
46
What is the remainder when 732071 is divided by 129?
125
Calculate the remainder when 184680 is divided by 62.
44
Calculate the remainder when 5674966 is divided by 5674785.
181
What is the remainder when 39713 is divided by 2495?
2288
Calculate the remainder when 389128 is divided by 73.
38
Calculate the remainder when 15248848 is divided by 563.
556
What is the remainder when 2103745 is divided by 175305?
85
Calculate the remainder when 41784823 is divided by 467.
465
Calculate the remainder when 2388336 is divided by 87.
12
Calculate the remainder when 46870307 is divided by 2251.
2236
What is the remainder when 12504083 is divided by 961852?
7
What is the remainder when 3996365 is divided by 43916?
9
Calculate the remainder when 65020675 is divided by 32510294.
87
Calculate the remainder when 15978 is divided by 5236.
270
What is the remainder when 107701 is divided by 